/13 + 16 + (-2520)/182. Let p(z) = 10722 - 10721 - h*z + 6*z. Determine p(-3).
-11
Let b(o) = -o**2. Let i(c) = 8. Let x(m) = -2*b(m) - i(m). Suppose 24*p + s = -81, 0 = -p - s + 11 - 23. What is x(p)?
10
Let u(l) = 57*l**2 + 16*l - 62. Let w(a) = 556*a**2 + 159*a - 621. Let r(c) = -39*u(c) + 4*w(c). Give r(-19).
67
Suppose u - 6*u + 15 = 0. Let q(d) = 3 + d**2 - 1 - 5*d**2 + d + 2*d**2 - 5. Calculate q(u).
-18
Let p(y) = -y**3 + 7*y**2 - 10*y + 8. Let q(t) = 6*t**2 - 137*t + 116. Let r be q(22). Calculate p(r).
-16
Let h(k) be the third derivative of -k**5/60 + k**4/24 - 2*k**3 - 280*k**2 + 6*k - 2. What is h(-4)?
-32
Let p(s) = -s**3 + 7*s**2 - 6*s + 9. Let b be (-100)/(-18) - ((-1290)/(-135) + -10). Calculate p(b).
9
Let h(b) = -113*b**3 - 34*b**2 + 24*b + 129. Let q(a) = 22*a**3 + 7*a**2 - 5*a - 25. Let i(j) = 6*h(j) + 31*q(j). Give i(1).
5
Let u be (10/4)/(1255/(-2008)). Let k(j) = -j**3 - 13*j**2 - 37*j - 5. Determine k(u).
-1
Let l(d) = d**3 - 4*d**2 + d + 3. Suppose 9*g + q - 274 = 13*g, 4*g + 3*q + 282 = 0. Let v(n) = 3*n**2 - 6*n. Let b be v(6). Let t = b + g. Calculate l(t).
-3
Let m(o) = -3*o + 49. Let p = -11573 - -11588. Determine m(p).
4
Let g(v) be the first derivative of v**5/30 + v**4/3 + v**3 - 34*v**2 + 309. Let q(y) be the second derivative of g(y). What is q(-3)?
0
Let u = -107 + 109. Let z(w) = -23 - 6*w**u + 44 - 23 - w**3 + 2*w. Calculate z(-6).
-14
Let o(s) be the second derivative of -s**3/6 + 9*s**2/2 + s. Let n be (5*10/25)/((-462)/(-1617)). Determine o(n).
2
Suppose u - d = 9, 6*u = u - 4*d + 72. Let w be (-1 - u/(-3))*(41 - 0). Let c = -118 + w. Let x(t) = -2*t - 2. Give x(c).
-12
Let h(n) = 5*n**2 - 2*n - 103. Let i be h(5). Let m(c) = c**3 - 13*c**2 + 23*c - 127. Calculate m(i).
5
Suppose 4*w - 4*q = 36, -3*w - 4*q + 246 = 240. Let x(f) = -2*f**3 + 12*f**2 + 6*f - 5. What is x(w)?
31
Let y(c) = -2*c. Let x(z) = 4*z + 19. Let g(p) = 13*p + 59. Let o(h) = 2*g(h) - 7*x(h). Let l be o(-6). Calculate y(l).
6
Suppose 0 = -5*m + 2*v + 16, -m + 3 = -4*v - 11. Let w(c) = c**3 - 12*c + 9*c + 6*c**m - 4 - 6*c. Suppose -2*n - 4 = 2*j, -6*n + 5*j = -8*n + 11. Give w(n).
10
Let q(m) be the first derivative of m**3/3 + 33*m**2/2 + 75*m + 1083. Determine q(-30).
-15
Suppose -31 = 2*g - 33. Let q(p) be the second derivative of 17*p**3/3 - 39*p + 4. Determine q(g).
34
Let k(l) = -l**2 - 28*l - 195. Let i be k(-15). Let y(o) = 4*o - 41 - 3*o - 38 - o**3 + 77. What is y(i)?
-2
Let y(g) = -3*g**2 + 1. Let a be 10/8 - (-49)/(-196). Let i be (-1)/a*15/15. What is y(i)?
-2
Let v(w) = 646*w - 8 - 326*w - 321*w. Let f(s) = -s**2 + s - 7. Suppose -h = 6*h. Let u be f(h). Determine v(u).
-1
Let r(y) = 1 + 19*y + 4*y - 3. Let t(l) = -l**3 - 26*l**2 - 91*l - 68. Let j be t(-22). Determine r(j).
-48
Let u = 260 + -254. Let g(o) = 3*o**2 + 26 - 23 - 4*o**2 + u*o. Determine g(6).
3
Let t = -29 - -19. Let c = t - -13. Let b(q) = 0*q**2 + 3*q**2 + 4*q**2 + c - 2. Determine b(1).
8
Let a(f) = -16*f**3 + 2*f**2 - 5*f - 1. Suppose 3 = -12*p - 21. Let h(z) = 3*z**3 + z. Let b(d) = p*a(d) - 11*h(d). Determine b(-4).
6
Let d(c) = 2*c**3 + 6*c**2 + 5*c + 4. Let y(g) = -3*g**2 + 3*g + 2. Let v be y(2). Calculate d(v).
-48
Let u(y) = y**3 - 4*y**2 - 4*y - 7. Let m = 4141 + -4136. Determine u(m).
-2
Let v(f) be the second derivative of -1/20*f**5 - 3/2*f**2 + 0 - 7/12*f**4 - 2*f + 1/6*f**3. Let u(r) = r - 11. Let t be u(4). What is v(t)?
-10
Let r(d) = 9*d - 7. Let x(p) = -2*p. Let w(k) = r(k) + 5*x(k). Let a(y) = -y**2 + 9*y - 14. Let u be a(7). Let i be (2 + 1)*(-2 + u). Calculate w(i).
-1
Let r(j) = 3*j - 17. Suppose -2*k - b - 10 = 0, 4*k - 2*b - b + 10 = 0. Let q be (-25)/k + -1*(-9)/(-36). Determine r(q).
1
Let z(p) = 39*p**3 - p**2. Let n be 14/35 - ((-1993)/5 - 3). Let f = 403 - n. Determine z(f).
38
Let v(n) = n**3 + 8*n**2 - n - 5. Suppose -t + 0*t = 1, -4*t = -2*i - 12. Let b be v(i). Let f(y) = -y - 1. Calculate f(b).
-4
Suppose 67 = y + 2*i, i = 4*y + 2*i - 261. Let p(c) = -1 - 2 - y*c + 0 + 68*c + 3*c**2. Calculate p(-3).
15
Suppose -t = -8*t + 14. Let f(x) = -3*x**t + 0*x**3 + 6*x + 1139 - x**2 - x**3 - 1141. Determine f(-5).
-7
Suppose 4078 = 20*n + 3918. Let r(w) be the second derivative of -w**5/20 + 3*w**4/4 - 7*w**3/6 - 19*w**2/2 - 2*w. What is r(n)?
-11
Let z(d) = -9*d + 9. Let m(q) = -5*q + 5. Let j(k) = 5*m(k) - 3*z(k). Let i(b) = b**3 + 5*b**2 + 5*b + 1. Let w be i(-4). Give j(w).
-8
Let o be ((-12)/(-5))/(6/15). Let t(m) = -1. Let r(a) = -2*a**2 - 12*a + 3. Let n(u) = o*t(u) + r(u). Calculate n(-6).
-3
Let m(g) = -g**2 + 4*g + 9. Let d(l) = -2*l**2 + 9*l + 17. Let v(q) = -4*d(q) + 7*m(q). Let r(y) = -28*y - 778. Let x be r(-28). Give v(x).
-17
Let z(v) = 2*v**2 + 1. Suppose 0*x - 2*x + y = -98, 0 = -5*x - y + 252. Let a be ((-1)/(-2))/((-25)/x). Give z(a).
3
Suppose 0 = 5*o - 2*n - 10 - 1, -4*o = -2*n - 8. Suppose 0 = -5*x - 0 + 10. Let q(v) = -212 + 0*v**x + 210 - v**2 - 3*v + v**3. Give q(o).
7
Let b(d) be the second derivative of -d**3/3 + 19*d**2 - 136*d + 1. Give b(15).
8
Let l(f) = f**3 - 9*f**2 + 9*f + 7. Suppose -3*m = -8 - 1, 0 = 2*b + 5*m - 67. Suppose 0 = -5*w + 3*w - 2*t + b, 0 = -t + 5. Calculate l(w).
15
Let x = 82 - 80. Let t be (-422)/(-4) + x - 12/(-24). Let y(k) = 2 - 106*k**2 + 212*k**2 - k - t*k**2. Give y(-3).
-13
Let z(t) = 6*t**2 + 17*t + 1. Let b be z(-3). Let a(h) = -h + 23. Let q(m) = -13. Let c(n) = b*a(n) + 7*q(n). What is c(7)?
-27
Let x(p) be the first derivative of p**3/3 + 13*p**2/2 + 7*p - 4317. Determine x(-8).
-33
Let y(j) = 3*j - 10. Let o(l) = l - 3. Let r(q) = -7*o(q) + 2*y(q). Let c be r(-1). Let b(s) = 5*s**2 - 3*s + 2. What is b(c)?
16
Let f(r) be the first derivative of -r**3/6 + 3*r**2/2 - 35*r - 43. Let c(v) be the first derivative of f(v). What is c(5)?
-2
Let c = 223 - 223. Let x(r) be the third derivative of c + 1/60*r**5 - 5*r**2 + 0*r**4 + 19/6*r**3 + 0*r. Give x(0).
19
Suppose 0 = -5*f + 9*f - 2*d + 18, -2*d = 4*f + 30. Let t(p) = 2*p - 16. Let i(l) = 5*l - 33. Let s(b) = f*i(b) + 13*t(b). What is s(-4)?
6
Let y(t) = t - 6. Let o(f) = -2*f**3 + 11*f**2 + 6*f + 15. Let p be o(6). Suppose -p = 13*k - 171. Calculate y(k).
6
Let b(c) be the second derivative of 5*c**4/12 + c**3/6 - c**2 - 1960*c. Calculate b(1).
4
Let y = -75 + 105. Suppose 4*i + q - 24 = 0, -4*i - i - q = -y. Let j(u) = -4*u + u**2 - i + 0 + 4 - 2. Determine j(5).
1
Suppose 3*n = 2*d - 7, d = -2*d - 5*n + 39. Suppose -28 = -d*f + 4. Let g(i) = -5*i. Give g(f).
-20
Let g = -3829 - -3833. Let b(c) = -3*c**2 - 2*c - 10. Determine b(g).
-66
Let u(c) = -c**3 + 4*c**2 - 4*c + 3. Let j be (11 + -13 + 9)*20/7. Suppose -36 = -32*l + j*l. Calculate u(l).
0
Suppose 5*p + 7 = -4*s, -5*p - 4*s + 3*s = 13. Let g(j) = -5*j - 3. Let b be g(p). Let c(u) = 5*u**2 - u**3 + b - 114*u + 121*u - 4. Give c(6).
14
Let k = -18 + 25. Let q(n) = -n**3 + 8*n**2 - 14*n - 6. Let w be q(4). Let v(x) = 5*x**3 - k*x**w + 2*x**3 - 9*x**3 + x + 3*x**3 - 9. Give v(7).
-2
Let x(i) be the second derivative of 0 + 5/2*i**2 - 1/6*i**3 + 33*i. What is x(9)?
-4
Suppose 0 = -28*i + 24*i + 456. Let t = i + -80. Let v = t - 41. Let g(r) = -r - 3. Give g(v).
4
Let a(b) = -29*b**2 - 4*b + 22. Let o(c) = 6*c**2 - c - 2. Let d(s) = a(s) + 5*o(s). What is d(4)?
-8
Let c(i) = -248*i - 195. Let r(o) = 88*o + 65. Let w(x) = 6*c(x) + 17*r(x). Calculate w(9).
7
Let x(h) = 261*h + 229*h + 14*h**2 - 459*h + 3*h**3 - 2*h**3 - 2*h**3 + 13. What is x(16)?
-3
Let u(g) = -g**2 + 12*g + 95. Let p(m) = -29*m + 75. Let j be p(2). Determine u(j).
10
Let w(r) = -r**2 - 8*r - 16. Suppose 0 = 2*h + 4*p + 54, 2*h - 11*p + 13*p = -40. What is w(h)?
-81
Let g = -2 - -2. Let s(t) be the second derivative of t**4/12 + t**3/6 + 5*t**2/2 + t + 56. Give s(g).
5
Let q(t) = -13*t**3 + t**2 + 141*t + 140. Let m be q(-1). Let s(n) = -9*n + 129. What is s(m)?
12
Let u(x) be the first derivative of 7*x**2/2 + 75*x + 3170. What is u(-8)?
19
Let j(c) be the third derivative of -c**6/120 - 11*c**5/60 + c**4/4 + c**3 - 1378*c**2 + 2*c. What is j(-11)?
-60
Let y(z) = 28*z + 2061. Let x be y(-73). Let u(k) = k**3 - 17*k**2 - k + 11. What is u(x)?
-6
Let p(s) = 11*s**2 + 2*s + s**3 - 2 - 20*s**2 + 0*s + 14*s**2 + 9. Determine p(-5).
-3
Let t(d) be the first derivative of -d**5/10 + d**2/2 + 65*d + 12.